o base 14.
-c59a57
-110101011001110010111 (base 2) to base 5
-421444121
What is -1228738 (base 9) in base 7?
-5454500
Convert a49a65 (base 12) to base 6.
131251005
Convert -169186c (base 13) to base 2.
-11011111001111100110111
What is 1048a64 (base 11) in base 3?
10110120211012
Convert 11001210201 (base 3) to base 12.
3a3a7
What is -2749 (base 14) in base 7?
-26122
-11111011100101010 (base 2) to base 9
-215622
-963b (base 13) to base 9
-31522
2022223011 (base 5) to base 12
1459767
2357713 (base 8) to base 9
1185606
-a5c223 (base 13) to base 15
-51a561
Convert 42024254 (base 6) to base 2.
100101001000001101010
Convert -16312410 (base 7) to base 6.
-53533220
Convert 347936 (base 11) to base 7.
4456542
What is -5333061 (base 7) in base 13?
-198609
What is 2100001 (base 5) in base 6?
423052
Convert f05d1e (base 16) to base 6.
1321344050
Convert -73680 (base 9) to base 4.
-23320200
What is 201201122111 (base 3) in base 13?
107983
What is 37bb16 (base 13) in base 6?
44415003
Convert 241624635 (base 7) to base 11.
85493a0
-152140100 (base 6) to base 4
-30021233010
What is -211011404 (base 5) in base 7?
-10305340
Convert -100110100010101111010001 (base 2) to base 16.
-9a2bd1
What is a3010 (base 15) in base 8?
1760446
What is 236242204 (base 7) in base 5?
12234001011
What is -9150 (base 16) in base 5?
-2142300
Convert 1101110001102 (base 3) to base 9.
1343042
cb49b (base 13) to base 7
3061010
What is 1000111011110000011 (base 2) in base 14?
7897d
What is -29559 (base 11) in base 8?
-121712
What is -c5015 (base 15) in base 14?
-123799
What is -228a4 (base 14) in base 9?
-137238
655736 (base 11) to base 2
11111111101000001100
-4404221 (base 5) to base 2
-10010011100101001
36882 (base 12) to base 9
122238
What is -21211112022 (base 3) in base 4?
-211221131
What is -120431 (base 10) in base 2?
-11101011001101111
What is -162526654 (base 7) in base 4?
-222011200021
What is -20444514 (base 6) in base 2?
-10010001110011011110
40555 (base 12) to base 14
22729
Convert 71935 (base 10) to base 5.
4300220
What is -101310445 (base 6) in base 2?
-110101011100000011101
2a09bd (base 15) to base 14
3aaac3
1138370 (base 10) to base 6
40222122
3ba3d (base 14) to base 15
2da4c
-20013213333 (base 4) to base 13
-5969ca
What is -284cc (base 15) in base 3?
-20120102110
11201111121 (base 4) to base 8
5412531
Convert 12212420 (base 5) to base 8.
343602
98094 (base 10) to base 6
2034050
What is 104411222 (base 5) in base 4?
1301320011
Convert 2058956 (base 11) to base 12.
126b739
What is -370755 (base 8) in base 10?
-127469
What is 10284 (base 13) in base 4?
13011033
Convert -76ab (base 15) to base 16.
-6230
Convert -1406346 (base 11) to base 5.
-1110033124
Convert 336726 (base 8) to base 7.
653516
7841d (base 14) to base 5
33313200
What is -107404 (base 11) in base 2?
-101001101101101000
Convert -236775 (base 13) to base 16.
-cdbea
What is -245434 (base 8) in base 16?
-14b1c
-116d0 (base 16) to base 15
-16236
What is -154942b (base 13) in base 4?
-122000203110
Convert -132102210 (base 4) to base 7.
-1024500
What is 1476c (base 13) in base 7?
220413
Convert -46513 (base 8) to base 15.
-5ce2
41443130 (base 7) to base 11
1a739a2
Convert -55407 (base 12) to base 7.
-650110
Convert -137a9d (base 14) to base 6.
-22242043
Convert 6531343 (base 7) to base 13.
21c0ac
What is 1c73d5 (base 14) in base 12?
4116bb
Convert -11056a (base 12) to base 8.
-1020042
What is -163a35 (base 16) in base 10?
-1456693
What is 1093ab4 (base 13) in base 4?
103123032332
What is 1762 (base 11) in base 8?
4306
674751 (base 10) to base 11
420a50
Convert 9b07c1 (base 13) to base 7.
43041145
Convert -d0020b (base 14) to base 6.
-405510523
What is -70b591 (base 12) in base 13?
-498b05
Convert 31132 (base 9) to base 8.
50052
-102300222330 (base 4) to base 16
-4b0abc
What is 100534004 (base 6) in base 8?
6445564
What is -35022134 (base 6) in base 16?
-106bca
What is -1011021222002 (base 3) in base 4?
-2112120230
What is 55260 (base 16) in base 10?
348768
What is -4327b29 (base 13) in base 6?
-2011142342
What is -1111101110000100100 (base 2) in base 4?
-1331300210
-1169226 (base 10) to base 9
-2171780
What is -1202012021100 (base 3) in base 2?
-11100010110010110000
What is -ac698 (base 14) in base 5?
-101342043
162878 (base 9) to base 8
304360
103812 (base 10) to base 13
38337
What is 171bb70 (base 14) in base 2?
101011010110101100100110
Convert -5525 (base 10) to base 16.
-1595
Convert -110000110001010 (base 2) to base 8.
-60612
What is 5102312 (base 8) in base 2?
101001000010011001010
-bb63b (base 12) to base 6
-5152115
What is -10233101010 (base 4) in base 2?
-100101111010001000100
-1360068 (base 11) to base 5
-1044431014
Convert 1111011010110101 (base 2) to base 9.
105564
-45745 (base 12) to base 14
-25a97
Convert 464657 (base 9) to base 11.
1806a1
Convert -6a104 (base 11) to base 2.
-11000101110100001
422116 (base 8) to base 3
21010112202
What is -1303300123 (base 4) in base 16?
-73c1b
30033330 (base 5) to base 11
151936
66784 (base 14) to base 15
4d933
What is -220400 (base 5) in base 16?
-1db0
Convert -14ad09 (base 16) to base 7.
-14342326
230322212123 (base 4) to base 3
211011012101112
Convert 20222012110100 (base 3) to base 8.
16103076
Convert 303152004 (base 6) to base 13.
10caba8
What is -464b2 (base 14) in base 5?
-20433233
40565705 (base 8) to base 9
17126534
1000000011111100110 (base 2) to base 12
108a5a
-205467 (base 11) to base 15
-67894
4471038 (base 9) to base 10
2408651
4664105 (base 9) to base 15
34c5bb
What is 103371 (base 10) in base 9?
166716
Convert 640a1 (base 11) to base 8.
266141
What is 3a1d5 (base 14) in base 7?
1134055
Convert -37030 (base 10) to base 14.
-d6d0
-15585207 (base 9) to base 2
-11101101110010001101001
1144551 (base 9) to base 13
189331
Convert -201777 (base 10) to base 4.
-301100301
What is -22514 (base 12) in base 3?
-2022122021
1558315 (base 9) to base 14
187632
Convert -2043104334 (base 5) to base 11.
-2456692
Convert -12b9414 (base 12) to base 7.
-43454323
Convert 142531051 (base 6) to base 4.
23030232013
What is 25437550 (base 8) in base 15?
769b6d
What is -2130320 (base 6) in base 8?
-315210
Convert 22134432 (base 7) to base 15.
27a4e0
-100011101101111000010 (base 2) to base 5
-244422440
-11000000000100 (base 2) to base 9
-17767
What is -404144231 (base 5) in base 4?
-12032033113
Convert -10224017 (base 10) to base 12.
-3510815
Convert -11000100010101111110000 (base 2) to base 13.
-144358b
What is -133100210123 (base 4) in base 11?
-4697582
260312 (base 11) to base 13
1149c5
What is -1022122122 (base 4) in base 5?
-34223134
What is -10100100100101010011010 (base 2) in base 16?
-524a9a
What is 5d8c8 (base 14) in base 7?
1644041
What is 111222113 (base 4) in base 6?
1522435
390044 (base 12) to base 10
933172
Convert -100100101011101010 (base 2) to base 12.
-72b4a
Convert -269143 (base 10) to base 12.
-10b907
Convert 777d (base 14) to base 8.
50323
10001010110111101011101 (base 2) to base 6
241311033
-1d8d997 (base 14) to base 7
-240234350
What is -9647a0 (base 13) in base 12?
-121aa00
What is 16050 (base 9) in base 16?
2ae4
-45774 (base 13) to base 8
-367053
ab7092 (base 13) to base 16
3daf67
4541230 (base 8) to base 3
2022110111201
Convert 5615566 (base 11) to base 2.
100101100011110101000100
What is 310130202 (base 4) in base 5?
23333233
What is -111001220022 (base 3) in base 16?
-3ecf0
What is 1541454 (base 7) in base 11?
1351a6
What is -4357373 (base 8) in base 7?
-12645364
-2437489 (base 11) to base 10
-4241147
What is bbb9 (base 15) in base 14?
106d0
What is -200112012022 (base 3) in base 11?
-229a64
43b48 (base 13) to base 8
357602
Convert -283486 (base 10) to base 14.
-75450
Convert 2255114 (base 7) to base 14.
75044
2340689 (base 12) to base 13
154229a
109a61 (base 11) to base 12
84a57
What is -120200012102011 (base 3) in base 14?
-116b939
Convert -10220441 (base 5) to base 11.
-59471
Convert 158a1a (base 13) to base 11.
334818
Convert -20031022212 (base 4) to base 8.
-10151246
Convert -21221113 (base 4) to base 10.
-39511
Convert -10301120 (base 6) to base 11.
-198055
-84a607 (base 13) to base 8
-13665373
Convert -54850 (base 12) to base 15.
-231d9
2306364 (base 7) to base 16
464e2
Convert -3748534 (base 10) to base 11.
-2130369
-591a0 (base 15) to base 